t common factor of l and 16.
2
Suppose -d - 2*d + 10 = -r, 0 = -4*r - 4. Suppose -3*m + 8*m + 3*o = -220, -d*o = -3*m - 132. Let v = m + 80. What is the highest common divisor of 12 and v?
12
Suppose -123 = -2*n - n. Let o = -27 + n. Let v = 85 - 50. What is the highest common factor of v and o?
7
Suppose -4*h = 2*c - 6*c + 148, 0 = -c + 3*h + 47. Calculate the highest common factor of 48 and c.
16
Suppose 54 = b + c, 2*b - 11 = c + 88. What is the greatest common factor of b and 34?
17
Let k be (-9 - -3) + 3 - -3. Let n be (-1)/1 - -2 - -257. Suppose -n = -3*w + p + 70, w + p - 112 = k. What is the highest common factor of w and 10?
10
Suppose 34 = j - 36. Calculate the greatest common divisor of 14 and j.
14
Let j(i) = -i**2 - 14*i - 30. Let f be j(-5). Let d be ((-4)/(-6))/((-6)/(-45)). Calculate the highest common factor of d and f.
5
Let k(j) = j**2 - 7*j - 12. Let a be k(10). Calculate the highest common factor of 27 and a.
9
Suppose 5*b - 20 = 3*v, -2*b + 4*v + 14 = 6. Suppose 0 = 4*t - 28 - b. Let g be 1/5 + (-1116)/(-20). Calculate the greatest common divisor of g and t.
8
Let n = 1 - -43. Let u(f) = -f**3 - 5*f**2 - f + 2. Let d be u(-5). Suppose d*z - 2*z = 20. Calculate the greatest common divisor of n and z.
4
Let v(i) = -i + 7. Let g be v(-17). What is the highest common divisor of 6 and g?
6
Suppose 4*p + 16 = q, 3*q - 4*q + 18 = -2*p. Let w(m) = 2*m. Let v be w(2). Let x be 38/8 + 1/v. Calculate the highest common factor of q and x.
5
Suppose 0 = -4*z - 2*b + 32, -4*z = -7*z - 2*b + 24. Let l = -28 - -84. Calculate the greatest common factor of l and z.
8
Let r be (53 - 2) + (-8 - -5). Calculate the highest common factor of 6 and r.
6
Let y(b) = b**3 + 13*b**2 + b + 19. Let a be (-14 + 1)/(7 + -6). Let g be y(a). What is the highest common factor of g and 54?
6
Let t(r) = -5*r - 4. Let a be t(-9). Calculate the highest common divisor of a and 164.
41
Let z = 2 + 18. Suppose 3*o - 19 = j, 2*o = j - 5*j - z. Let h = j - -19. What is the greatest common factor of 18 and h?
6
Let x be (-525)/5*(-2)/5. Suppose v - 6*v = 5*n - 35, 8 = 4*v. Suppose 2*j - 43 = -3*s - 3*j, -1 = 4*s - n*j. Calculate the highest common factor of s and x.
6
Let n be 2/(-15) + (-4)/(-30). Suppose -4*r - r - a + 179 = n, a - 35 = -r. What is the greatest common divisor of r and 90?
18
Let w(p) = -2*p - 9. Let j be w(-6). Suppose -54 = -5*x + j*x. What is the greatest common divisor of x and 9?
9
Let u(b) = b**2 + 7*b + 3. Let q be u(-7). Suppose k = -q*k + 76. Let f = 14 + 24. Calculate the greatest common factor of k and f.
19
Let y be 3*(167/3 - -2). Let t = y - 18. Calculate the greatest common divisor of t and 62.
31
Let n(o) = 6*o**3 - o**2 + o. Let z(a) = -3 - 6*a + a**2 - 3 + 0*a. Let j be z(7). Let d be n(j). Calculate the greatest common divisor of 9 and d.
3
Let f be (-51)/(-12) + (-1)/4. Suppose f*g = -7 + 23. Calculate the greatest common factor of g and 10.
2
Let n = 33 - 28. Suppose 3*b - 11 = 2*q - q, 2*q - 33 = -5*b. Suppose q*k - 56 - 164 = 0. What is the greatest common factor of k and n?
5
Let x = 42 - 24. What is the greatest common divisor of 27 and x?
9
Let o be ((-6)/4 + 0)*-66. Let v = 65 - 54. Calculate the greatest common factor of o and v.
11
Suppose -5*g = -5*o - 47 - 18, -o - 22 = -2*g. Let b be (-3)/9 - (-120)/g. Let p = 25 - b. What is the highest common divisor of p and 18?
6
Let m(b) = -3*b**2 - 2. Let u(s) = 4*s**2 + 1. Let t(i) = 2*m(i) + 3*u(i). Let x be t(1). Let p = x + -2. Calculate the highest common factor of 27 and p.
3
Let x = 346 + -227. Suppose 3*r - x = 124. What is the highest common divisor of 9 and r?
9
Let k(l) = -l**2 + 22*l + 18. Let g be k(19). What is the highest common factor of 15 and g?
15
Suppose -i - k + 57 = 0, 3*i + 3*k - 171 = -k. Calculate the greatest common divisor of 38 and i.
19
Let f = -45 - -87. Calculate the greatest common divisor of 21 and f.
21
Let d be (-9)/(1*-3) - -2. Let i(x) = -4*x + 2. Let y(a) = 5*a - 3. Let p(t) = -6*i(t) - 4*y(t). Let n be p(d). Calculate the highest common factor of n and 60.
20
Suppose 3*r + 3*s = 603, 0 = 2*s - s - 3. What is the greatest common divisor of r and 22?
22
Let t be 34/8 - 1/4. Suppose 0 = -2*v + t. What is the highest common divisor of 10 and v?
2
Suppose -5*m + m + 528 = 0. Let l be (-135)/10 + 1/2. Let y = 25 + l. Calculate the highest common factor of m and y.
12
Suppose 5*h + 2*d + 3*d = 415, -4*d = -3*h + 228. What is the highest common divisor of h and 32?
16
Suppose k - 2*j - 12 = 0, -4*k - 3*j - 20 = -6*k. What is the greatest common factor of k and 4?
4
Let r = 1 + 3. Suppose 2*v = -z + 18, -2*v = r*z - 77 - 13. What is the greatest common divisor of z and 6?
6
Suppose 5*w + 20 = -0*w, 4*w = u - 31. What is the highest common divisor of u and 45?
15
Suppose 10 = 4*t - 6. Suppose t*b - 33 = b. What is the greatest common factor of 88 and b?
11
Let p be 15/((-135)/3) + (-19)/(-3). Suppose -4*h + 45 = j - 3*h, 15 = -3*h. Suppose -2*x = 2 - j. What is the highest common factor of p and x?
6
Let w(l) = l**2 - 8*l - 1. Let a be w(8). Let r be (-2 - -2) + (-5)/a. Suppose 0 = -r*v - 16 + 56. What is the highest common divisor of v and 4?
4
Let f be (-16)/24*(-6)/(-4). Let a(x) = -34*x**3 - x**2 - x - 1. Let h be a(f). What is the greatest common factor of h and 3?
3
Let y(x) = -x**2 - 7*x + 2. Let g be y(-6). Calculate the greatest common divisor of 72 and g.
8
Let a(c) = c**3 + 10*c**2 + 2*c + 26. Let z be a(-10). Calculate the highest common divisor of 12 and z.
6
Let y be ((-4)/6)/(3/(-9)). Let s = -10 + 20. Calculate the highest common divisor of s and y.
2
Let j(z) = -z**3 - 4*z**2 - 3*z - 4. Let u be j(-4). Calculate the highest common divisor of 40 and u.
8
Let c = -22 + 35. What is the greatest common divisor of c and 13?
13
Let u(j) = -21*j + 11*j + 5*j - 7. Let t be u(-4). What is the highest common factor of t and 39?
13
Suppose 4*b - 64 = 2*b. Suppose -10 - b = -3*u. Let v = u - -14. Calculate the highest common divisor of 14 and v.
14
Let n(g) = -g + 10. Let j be n(9). Let z be (j - -1)/(1/7). What is the greatest common factor of 28 and z?
14
Let n be 22 - ((3 + -3)/3)/2. Calculate the highest common divisor of 77 and n.
11
Let o(w) = 0 - 3 + w + 5 + w**2. Let d be o(0). Suppose -4*u + 34 = -30. What is the greatest common divisor of u and d?
2
Suppose -3*k - 2*p + 101 = 0, 3*p = k - 4*k + 99. Calculate the greatest common divisor of 14 and k.
7
Suppose 0 = 7*s - 3*s - 32. Calculate the greatest common divisor of s and 4.
4
Let j be -3 + (0 - 2)*4. Let r be (1 - j)/(12/8). Let a be 4/5*5*16. Calculate the highest common factor of a and r.
8
Let y be 666/21 - 4/(-14). Let f = 22 - 6. What is the greatest common divisor of f and y?
16
Suppose -3*i - 9 = 3*r - 42, 76 = 4*i - 4*r. What is the greatest common divisor of 60 and i?
15
Suppose -4*r + 56 = 2*k, -3*k + r = 2*r - 104. Suppose 0*a = 4*a - k. What is the highest common factor of 99 and a?
9
Let u be 3 + 214/((-4)/(-2)). Let v be ((-8)/10)/((-2)/u). What is the greatest common factor of v and 11?
11
Let t = -8 - -16. Let o = -24 + 112. Calculate the greatest common factor of o and t.
8
Let r be 6*(2 + 30/(-9)). Let s(j) = -j**2 - 6*j + 8. Let d be s(r). Let c = d + 18. What is the greatest common divisor of c and 25?
5
Let p(j) = j**2 - 3*j + 2. Let c be p(-6). Calculate the highest common factor of 140 and c.
28
Let u be 762/(-2 + 0)*-1. Suppose 4*z = -3*f + u, z - 5*f - 99 = -2*f. Suppose 0 = 5*b - 32 - 28. What is the greatest common factor of b and z?
12
Let n(o) = 81*o**2 + 2*o + 1. Let p be n(-1). Suppose -p = -v - v. What is the greatest common factor of v and 10?
10
Let q(r) = 5*r - 7. Let m be q(3). Let k be -5 + m + -1 + 34. Calculate the highest common divisor of k and 9.
9
Suppose 12 + 8 = 2*i - 2*b, 5*b = 0. What is the highest common factor of i and 4?
2
Let l(s) = -12*s - 8. Let d = 5 - 14. Let g be l(d). What is the highest common factor of 40 and g?
20
Let l be (-2)/8 - (-31367)/28. Let j be l/16 + 4/2. Let k = -7 - -16. Calculate the greatest common divisor of j and k.
9
Suppose q = -4*q + 75. What is the highest common divisor of q and 15?
15
Let h(r) = -r**3 + 23*r**2 - 21*r - 21. Let m be h(22). What is the greatest common factor of m and 6?
1
Let d be